prime factors of 64093.
107, 599
What are the prime factors of 18931?
11, 1721
List the prime factors of 3860394.
2, 3, 17, 37847
What are the prime factors of 249368?
2, 7, 61, 73
What are the prime factors of 624722?
2, 7, 44623
List the prime factors of 371486.
2, 89, 2087
List the prime factors of 20149269.
3, 7, 959489
List the prime factors of 193558.
2, 96779
What are the prime factors of 2893144?
2, 361643
What are the prime factors of 6007348?
2, 1501837
What are the prime factors of 18134916?
2, 3, 1511243
What are the prime factors of 1750330?
2, 5, 101, 1733
List the prime factors of 941806.
2, 470903
What are the prime factors of 1246173?
3, 415391
What are the prime factors of 1287668?
2, 19, 16943
What are the prime factors of 50407?
7, 19, 379
What are the prime factors of 4312163?
1283, 3361
What are the prime factors of 2112599?
83, 25453
What are the prime factors of 30931701?
3, 53, 227, 857
List the prime factors of 9054637.
2129, 4253
What are the prime factors of 2538?
2, 3, 47
What are the prime factors of 33147845?
5, 739, 8971
What are the prime factors of 784396?
2, 19, 10321
What are the prime factors of 92386?
2, 7, 6599
What are the prime factors of 17703114?
2, 3, 11, 13, 47, 439
What are the prime factors of 203502?
2, 3, 13, 2609
List the prime factors of 2319131.
1201, 1931
List the prime factors of 465814.
2, 232907
List the prime factors of 454124.
2, 11, 10321
What are the prime factors of 648418?
2, 324209
What are the prime factors of 4848039?
3, 7, 113, 227
List the prime factors of 2214663.
3, 11, 6101
List the prime factors of 10559249.
10559249
List the prime factors of 9285622.
2, 4642811
List the prime factors of 3753084.
2, 3, 312757
What are the prime factors of 804594?
2, 3, 7, 19157
List the prime factors of 1758387.
3, 586129
List the prime factors of 5693362.
2, 641, 4441
What are the prime factors of 67981?
157, 433
List the prime factors of 3422604.
2, 3, 223, 1279
What are the prime factors of 1882993?
7, 268999
What are the prime factors of 5959188?
2, 3, 165533
List the prime factors of 7038343.
13, 41647
List the prime factors of 406870.
2, 5, 23, 29, 61
What are the prime factors of 6092054?
2, 971, 3137
List the prime factors of 7323255.
3, 5, 162739
List the prime factors of 2398243.
2398243
List the prime factors of 430791.
3, 37, 3881
List the prime factors of 4327896.
2, 3, 19, 9491
What are the prime factors of 3681932?
2, 23, 31, 1291
List the prime factors of 47913.
3, 15971
What are the prime factors of 1072153?
157, 6829
List the prime factors of 1148184.
2, 3, 37, 431
List the prime factors of 7547186.
2, 37, 79, 1291
What are the prime factors of 3792755?
5, 758551
What are the prime factors of 781654?
2, 43, 61, 149
What are the prime factors of 12439824?
2, 3, 259163
List the prime factors of 119989.
97, 1237
What are the prime factors of 1685717?
11, 153247
List the prime factors of 255074.
2, 89, 1433
List the prime factors of 3075241.
13, 229, 1033
List the prime factors of 4082571.
3, 71, 6389
What are the prime factors of 192233?
192233
List the prime factors of 2391826.
2, 97, 12329
What are the prime factors of 10856691?
3, 487, 2477
List the prime factors of 566049.
3, 11, 17, 1009
List the prime factors of 14668503.
3, 23, 212587
What are the prime factors of 849480?
2, 3, 5, 7079
What are the prime factors of 29984025?
3, 5, 399787
List the prime factors of 32452985.
5, 6490597
What are the prime factors of 13378969?
199, 67231
List the prime factors of 206404.
2, 11, 4691
List the prime factors of 843525.
3, 5, 23, 163
What are the prime factors of 130237?
17, 47, 163
List the prime factors of 172259.
172259
What are the prime factors of 5403890?
2, 5, 540389
List the prime factors of 1506043.
7, 11, 19559
List the prime factors of 1669243.
1669243
What are the prime factors of 37046526?
2, 3, 11, 563, 997
What are the prime factors of 720273?
3, 17, 29, 487
What are the prime factors of 1027700?
2, 5, 43, 239
List the prime factors of 481133.
481133
List the prime factors of 1086700.
2, 5, 10867
List the prime factors of 5496413.
13, 157, 2693
What are the prime factors of 130103?
281, 463
What are the prime factors of 9759227?
821, 11887
What are the prime factors of 9964788?
2, 3, 17, 48847
What are the prime factors of 213557?
213557
List the prime factors of 283653.
3, 31517
List the prime factors of 176678.
2, 88339
What are the prime factors of 3641765?
5, 347, 2099
List the prime factors of 196283.
331, 593
List the prime factors of 1920557.
73, 26309
What are the prime factors of 8446868?
2, 19, 111143
What are the prime factors of 1346926?
2, 7, 23, 47, 89
What are the prime factors of 334854?
2, 3, 13, 53
What are the prime factors of 87874?
2, 53, 829
What are the prime factors of 19984438?
2, 349, 28631
What are the prime factors of 12540647?
7, 31, 57791
List the prime factors of 367400.
2, 5, 11, 167
List the prime factors of 149248.
2, 11, 53
What are the prime factors of 799241?
43, 18587
What are the prime factors of 491628?
2, 3, 53, 773
What are the prime factors of 453207?
3, 19, 7951
What are the prime factors of 10014344?
2, 107, 11699
What are the prime factors of 840201?
3, 229, 1223
List the prime factors of 24266049.
3, 241, 33563
List the prime factors of 311607.
3, 3847
List the prime factors of 30682.
2, 23, 29
What are the prime factors of 1515002?
2, 37, 59, 347
What are the prime factors of 1437883?
1437883
List the prime factors of 489027.
3, 7, 11, 29, 73
List the prime factors of 10917966.
2, 3, 311, 5851
List the prime factors of 279125.
5, 7, 11, 29
List the prime factors of 4386509.
1913, 2293
What are the prime factors of 506264?
2, 11, 523
What are the prime factors of 134414?
2, 7, 9601
List the prime factors of 2961084.
2, 3, 7, 35251
List the prime factors of 2021229.
3, 7, 32083
List the prime factors of 4096028.
2, 61, 16787
List the prime factors of 444034.
2, 53, 59, 71
What are the prime factors of 18765811?
367, 51133
What are the prime factors of 155924?
2, 17, 2293
List the prime factors of 160073.
160073
What are the prime factors of 3599544?
2, 3, 13, 83, 139
What are the prime factors of 259651?
7, 757
What are the prime factors of 9180738?
2, 3, 7, 1487
What are the prime factors of 525119?
7, 75017
List the prime factors of 195683.
79, 2477
What are the prime factors of 151267?
331, 457
List the prime factors of 13193.
79, 167
List the prime factors of 18139399.
1499, 12101
List the prime factors of 2750924.
2, 11, 103, 607
List the prime factors of 10755183.
3, 331, 10831
List the prime factors of 2244944.
2, 13, 43, 251
List the prime factors of 1324861.
17, 77933
What are the prime factors of 17672994?
2, 3, 271, 3623
What are the prime factors of 396948?
2, 3, 19, 1741
List the prime factors of 1434552.
2, 3, 7, 8539
What are the prime factors of 1441352?
2, 11, 1489
What are the prime factors of 1285612?
2, 321403
What are the prime factors of 178168?
2, 22271
List the prime factors of 314884.
2, 78721
What are the prime factors of 22232838?
2, 3, 17, 217969
What are the prime factors of 2075632?
2, 13, 17, 587
List the prime factors of 18827398.
2, 17, 553747
What are the prime factors of 2374791?
3, 19, 61, 683
List the prime factors of 6449941.
53, 121697
What are the prime factors of 292261?
23, 97, 131
List the prime factors of 11901169.
7, 89, 2729
List the prime factors of 752854.
2, 101, 3727
List the prime factors of 961768.
2, 23, 5227
What are the prime factors of 168264?
2, 3, 19, 41
List the prime factors of 8387297.
8387297
What are the prime factors of 722443?
43, 53, 317
What are the prime factors of 83786?
2, 41893
What are the prime factors of 202793?
17, 79, 151
List the prime factors of 1623461.
7, 231923
List the prime factors of 3315606.
2, 3, 7, 89, 887
What are the prime factors of 8547308?
2, 7, 11, 27751
What are the prime factors of 3478510?
2, 5, 7, 31, 229
What are the prime factors of 2774382?
2, 3, 13, 35569
List the prime factors of 7030151.
29, 242419
What are the prime factors of 2163780?
2, 3, 5, 4007
List the prime factors of 732568.
2, 91571
What are the prime factors of 5614758?
2, 3, 3851
What are the prime factors of 3034143?
3, 7, 17, 2833
What are the pri